{"id":68,"date":"2013-06-23T13:10:10","date_gmt":"2013-06-23T11:10:10","guid":{"rendered":"http:\/\/lebensmittel-und-hygienesicherheit-veek.de\/?page_id=68"},"modified":"2022-12-15T11:32:56","modified_gmt":"2022-12-15T09:32:56","slug":"referenzen","status":"publish","type":"page","link":"http:\/\/lebensmittel-und-hygienesicherheit-veek.de\/?page_id=68","title":{"rendered":"Referenzen"},"content":{"rendered":"<p><b>Seit 1998 f\u00fchre ich Lebensmittelhygiene-Schulungen f\u00fcr das Personal im Lebensmittelbereich durch. Bei folgenden Lebensmittelunternehmen, Verb\u00e4nden, Innungen oder sonstigen Institutionen war ich teilweise mehrfach t\u00e4tig:<\/b><\/p>\n<ul>\n<li style=\"list-style-type: none;\">\n<ul>\n<li>Betreuungsdienst Gastst\u00e4ttenverband, Simmern<\/li>\n<li>Labor im \u00d6kompark, 55774 Baumholder<\/li>\n<li>Klinkner &amp; Partner GmbH, 66115 Saarbr\u00fccken<\/li>\n<li>Hotel und Gastst\u00e4ttenverband Rheinland, Koblenz<\/li>\n<li>Bodelschwinghzentrum Kreuznacher Diakonie, 55590 Meisenheim<\/li>\n<li>Schinderhannes-Romantik-Wirte, 55743 Idar-Oberstein<\/li>\n<li>Neurologische Klinik, Wirtschaftsabteilung, 55590 Meisenheim<\/li>\n<li>Ecolab Deutschland GmbH, 40589 D\u00fcsseldorf<\/li>\n<li>Kraus Kaufm\u00e4nnische L\u00f6sungen, 55606 Kirn<\/li>\n<li>Eishaus GmbH, 66113 Saarbr\u00fccken<\/li>\n<li>Sozialkonzept Seniorenheim Lorettahof, 55756 Herrstein<\/li>\n<li>Fachklinik Hochwald der LVA Speyer, 55758 Bruchweiler<\/li>\n<li>B\u00e4ckerinnung Landkreis Bad Kreuznach, 55545 Bad Kreuznach<\/li>\n<li>Kreuznacher Diakonie -Werkst\u00e4tten, 55758 Asbacher H\u00fctte<\/li>\n<li>Caritasverband f\u00fcr die Di\u00f6zese Trier, Kindertagesst\u00e4tten\u00a0 , 56068 Koblenz<\/li>\n<li>Landgasthaus B\u00f6\u00df, 55767 Schwollen<\/li>\n<li>Landesverband der Hygieneinspektoren, Heinrich Pesch Haus, 67059 Ludwigshafen<\/li>\n<li>Fa. Ecolab bei Arbeiterwohlfahrt, K\u00fcchen, Saarbr\u00fccken<\/li>\n<li>DJH \u2013 Jugendherberge, 55743 Idar-Oberstein<\/li>\n<li>Arbeit &amp; Leben gGmbH, 55068 Koblenz<\/li>\n<li>B\u00e4ckerinnung des Landkreises Birkenfeld, 55743 Idar-Oberstein<\/li>\n<li>Fr\u00fchauf \u2013 Tanken &amp; Rasten GmbH, 55743 Idar-Oberstein\/Weierbach<\/li>\n<li>Ev. Kirchenkreise Koblenz, Wied, Altenkirchen, Kindertagesst\u00e4tten, 56075 Koblenz<\/li>\n<li>Verwaltungsamt des Ev. Kirchenkreises Birkenfeld Kindertagesst\u00e4tten, 55743 Idar-Oberstein<\/li>\n<li>Cafe-Konditorei \u201eSchwinn\u201c, Christian Wetzel, 66869 Kusel<\/li>\n<li>Norma Lebensmittelbetriebe GmbH &amp; Co KG, 56912 Cochem<\/li>\n<li>Club-Hotel Fun &amp; Joy GmbH, 55758 H\u00fcttgeswasen<\/li>\n<li>Wohnungslosenhilfe der Kreuznacher Diakonie, 55743 Idar-Oberstein\/Weierbach<\/li>\n<li>Verbandsgemeindeverwaltung \u2013 Kindertagesst\u00e4tten, 55756 Herrstein<\/li>\n<li>Verbandsgemeindeverwaltung \u2013 Kindertagesst\u00e4tten, 55765 Birkenfeld<\/li>\n<li>Stadtverwaltung, Abt. Kindertagesst\u00e4tten, 55545 Bad Kreuznach<\/li>\n<li>Kindertagesst\u00e4tten der Verbandsgemeinde , 55624 Rhaunen<\/li>\n<li>Kindertagesst\u00e4tte Gemeindezentrum, 55543 Bad Kreuznach<\/li>\n<li>Internationaler Bund, Zweigstelle Kirn, 55606 Kirn<\/li>\n<li>Zelte Jost GbR, Kirchgasse, 55585 Niederhausen<\/li>\n<li>Stadtverwaltung, Abt. Kindertagesst\u00e4tten, 55743 Idar-Oberstein<\/li>\n<li>Kita gGmbH Koblenz, Kindertagesst\u00e4tten, 55543 Bad Kreuznach<\/li>\n<li>Integrationsbetriebe Kreuznacher Diakonie, 55606 Kirn<\/li>\n<li>Erlebnisgastronomie Bonnheimer Hof, Lorenz, 55546 Hackenheim<\/li>\n<li>Ev. Kirchengemeinde Birkenfeld, Kindertagesst\u00e4tten, 55765 Birkenfeld<\/li>\n<li>Klosterhotel Marienh\u00f6h, 55758 Langweiler<\/li>\n<li>KiTa gGmbh Koblenz, Birkenfeld und Hunsr\u00fcck, Kindertagesst\u00e4tten, 55624 Rhaunen<\/li>\n<li>Ev. Kindertagesst\u00e4tte Samenkorn, 55624 Rhaunen<\/li>\n<li>Schaustellerverband Bad Kreuznach e.V.,55545 Bad Kreuznach<\/li>\n<li>Verbandsgemeindeverwaltung, Kindertagesst\u00e4tten, 55774 Baumholder<\/li>\n<li>ARAL-Tankstelle Elke Matheis, 55743 Idar-Oberstein<\/li>\n<li>B\u00e4ckerei Risch, Hauptstra\u00dfe 30, 55758 Allenbach<\/li>\n<li>Schaustellerverband Rheinland e.V., 56566 Neuwied<\/li>\n<li>Heilp\u00e4dagogische Einrichtungen kd, Kreuznacher Diakonie, 55758 Asbacher H\u00fctte<\/li>\n<li>Mehrgenerationenhaus Idar-Oberstein, Hauptstra\u00dfe 392, 55743 Idar-Oberstein<\/li>\n<li>Kempfelder Steinofenb\u00e4ckerei GmbH, 55758 Kempfeld<\/li>\n<li>Stadtverwaltung Wadern \u2013 Kindertagesst\u00e4tten -, 66687 Wadern<\/li>\n<li>DRK \u2013 Kreisverband Birkenfeld, Sch\u00f6nlautenbach 17, 55743 Idar-Oberstein<\/li>\n<li>B\u00e4ckerei Timo Kurz, Lembergstra\u00dfe 14, 67824 Feilbingert<\/li>\n<li>Kinder-und Jugendhilfe St. Maria, Trierer Stra\u00dfe 19, 66709 Weiskirchen<\/li>\n<li>Gemeinde Morbach, Kindertagesst\u00e4tten, Bahnhofstr. 19, 54497 Morbach<\/li>\n<li>Schnellgastronomie dean &amp; david, Fasig, Kreuzstr. 6\u00b855543 Bad Kreuznach<\/li>\n<li>KiTa gGmbH Koblenz, Kindertagesst\u00e4tten, Kreis Birkenfeld<\/li>\n<li>Park-Hotel Management GmbH, 55743 Idar-Oberstein<\/li>\n<li>Verbandsgemeindeverwaltung Untermosel, Kindertagesst\u00e4tten, 56330 Kobern-Gondorf<\/li>\n<li>Roompot Ferienpark Hambachtal, 55765 Oberhambach<\/li>\n<li>Hosser`s Hotel-Restaurant, Weierbacher Stra\u00dfe 70, 55743 Idar-Oberstein<\/li>\n<li>Pflegeheim Haus G\u00f6ttschied, Dr.Ottmar-Kohler-Str. 14, 55743 Idar-Oberstein<\/li>\n<li>Pflegeheim Haus Nahetal, Friedrich-Ebert-Ring 3, 55743 Idar-Oberstein<\/li>\n<li>\n<div>B\u00e4ckerei Uwe Nitsch, In der Tr\u00e4b 6, 55758 Stipshausen<\/div>\n<\/li>\n<li>\n<div>IB-Internationaler Bund-Mitte gGmbH, Hauptstrasse 304, 55743 Idar-Oberstein<\/div>\n<\/li>\n<li>Service GmbH der Kreishandwerkerschaft Rhein-Nahe-H\u00fcnsr\u00fcck, R\u00fcdesheimer Str.34, 55545 Bad Kreuznach<\/li>\n<li>China-Restaurant Jade, Bismarckstr.11, 55743 Idar-Oberstein<\/li>\n<li>B\u00e4ckerei Zwetsch, Inh. Ludwig Br\u00fcck, Achtstra\u00dfe 14, 55765 Birkenfeld<\/li>\n<li>DEHOGA Rheinland-Pfalz e.V, Br\u00fcckes 18, 55545 Bad Kreuznach<\/li>\n<li>Verbandsgemeindeverwaltung 55756 Herrstein \u2013 Vereine, Feuerwehren<\/li>\n<li>VEKIO Verband Evangelischer Kindertageseinrichtungen, 55743 Idar-Oberstein<\/li>\n<li>Atrium-Hotel-Mainz, Flugplatzstra\u00dfe 44, 55126 Mainz<\/li>\n<li>Restaurant \u201eOldenburger Hof\u201c, Achtstra\u00dfe 7, 55765 Birkenfeld<\/li>\n<li>Gastst\u00e4tte \u201eIdarer Brauhaus\u201c, Hauptstra\u00dfe, 55743 Idar-Oberstein<\/li>\n<li>Kur- und Gesundheitshotel Schiffmann, Veldenzerstra\u00dfe 49a, 54486 M\u00fclheim-Mosel<\/li>\n<li>Ambulante Pflege &amp; Tagespflege Gebhardt GmbH, Sonnenweg 38a, 55774 Baumholder<\/li>\n<li>B\u00e4ckerei Friedrichs GmbH, Burgweg 3, 55606 Kirn-Kallenfels<\/li>\n<li>IB-Internationaler Bund, Trierer Stra\u00dfe 19, 66869 Kusel<\/li>\n<li>Peter Braun Fleisch &amp; Wurst GmbH &amp; Co KG, Erlenh\u00f6he 2, 66871 Konken<\/li>\n<li>Stadtwerke Idar-Oberstein \u2013 Hallenbad-Bistro, Hauptstra\u00dfe 213, 55743 Idar-Oberstein<\/li>\n<li>Betreuungs- und Pflegezentrum Lang GmbH, Adolf-S\u00fc\u00dfdorf-Str. 1, 66877 Ramstein<\/li>\n<li>B\u00e4ckerei Hofmann, Hauptstra\u00dfe 38, 55767 Schwollen<\/li>\n<li>Fladenb\u00e4ckerei H.-K. Kismetli, Saarstra\u00dfe 94, 55768 Hoppst\u00e4dten-Weiersbach<\/li>\n<li>Fissler GmbH \u2013 Kantine , 55768 Hoppst\u00e4dten-Neubr\u00fccke<\/li>\n<li>Verbandsgemeindeverwaltung Rhein-Mosel, KiTa`s, 56330 Kobern-Gondorf<\/li>\n<li>Restaurant \u201eWaldesruh &amp; Hui, Ricky Wu, 55768 Hoppst\u00e4dtenNeubr\u00fccke<\/li>\n<li>Metzgerei Marco Schumacher, Hauptstra\u00dfe, 55765 Birkenfeld<\/li>\n<li>KiTa gGmbH Koblenz, Gesamteinrichtungen Urmitz<\/li>\n<li>Stadtverband sporttreibender Vereine 55743 Idar-Oberstein<\/li>\n<li>Kirchenkreis &#8222;Obere Nahe&#8220;, Vollmersbachstra\u00dfe 22, 55743 Idar-Oberstein<\/li>\n<li>Lebenshilfe Obere Nahe gGmbH, Wei\u00dfborr 11-13, 55743 Idar-Oberstein<\/li>\n<li>Restaurant &#8222;Der Pferdestall&#8220;, Hobst\u00e4tter Hof, 67753 Ein\u00f6llen<\/li>\n<li>Kita gGmbH Koblenz, Gesamteinrichtung Kirchen, Auf dem Molzberg 2, 57548 Kirchen<\/li>\n<li>Baumholderer-Karnevals-Gesellschaft, Am Kallenborn 10, 55774 Baumholder<\/li>\n<li>Schwollener Senfmanufaktur Switala, Zum Bornflur 3, 55767 Schwollen<\/li>\n<li>Edelsteinklinik, Lindenstra\u00dfe 48, 55758 Bruchweiler<\/li>\n<li>Birkenfelder Biomarkt, Am Talweiher 11, 55765 Birkenfeld<\/li>\n<li>Jagdschule-Pf\u00e4lzer-Bergland GbR, Sulzbergstra\u00dfe 1, 66887 Ulmet<\/li>\n<li>Waldgasthaus Schwarzenbruch, Holger Freiberg, 55758 H\u00fcttgeswasen<\/li>\n<li>Kindergarten \u201eSchiefersteinchen\u201c, Schulstr. 25, 55626 Bundenbach<\/li>\n<li>Ortsgemeinde und Kindergarten, Hauptstra\u00dfe, 55758 Hottenbach<\/li>\n<li>Herrsteiner Dorfladen, Hauptstra\u00dfe, 55756 Herrstein<\/li>\n<li>Edeka Lorenz, Mainzer Stra\u00dfe 95, 55743 Idar-Oberstein<\/li>\n<\/ul>\n<\/li>\n<\/ul>\n","protected":false},"excerpt":{"rendered":"<p>Seit 1998 f\u00fchre ich Lebensmittelhygiene-Schulungen f\u00fcr das Personal im Lebensmittelbereich durch. Bei folgenden Lebensmittelunternehmen, Verb\u00e4nden, Innungen oder sonstigen Institutionen war ich teilweise mehrfach t\u00e4tig: Betreuungsdienst Gastst\u00e4ttenverband, Simmern Labor im \u00d6kompark, 55774 Baumholder Klinkner &amp; Partner GmbH, 66115 Saarbr\u00fccken Hotel und &hellip; <a href=\"http:\/\/lebensmittel-und-hygienesicherheit-veek.de\/?page_id=68\">Weiterlesen <span class=\"meta-nav\">&rarr;<\/span><\/a><\/p>\n","protected":false},"author":1,"featured_media":0,"parent":0,"menu_order":2,"comment_status":"closed","ping_status":"closed","template":"","meta":{"footnotes":""},"class_list":["post-68","page","type-page","status-publish","hentry"],"_links":{"self":[{"href":"http:\/\/lebensmittel-und-hygienesicherheit-veek.de\/index.php?rest_route=\/wp\/v2\/pages\/68","targetHints":{"allow":["GET"]}}],"collection":[{"href":"http:\/\/lebensmittel-und-hygienesicherheit-veek.de\/index.php?rest_route=\/wp\/v2\/pages"}],"about":[{"href":"http:\/\/lebensmittel-und-hygienesicherheit-veek.de\/index.php?rest_route=\/wp\/v2\/types\/page"}],"author":[{"embeddable":true,"href":"http:\/\/lebensmittel-und-hygienesicherheit-veek.de\/index.php?rest_route=\/wp\/v2\/users\/1"}],"replies":[{"embeddable":true,"href":"http:\/\/lebensmittel-und-hygienesicherheit-veek.de\/index.php?rest_route=%2Fwp%2Fv2%2Fcomments&post=68"}],"version-history":[{"count":31,"href":"http:\/\/lebensmittel-und-hygienesicherheit-veek.de\/index.php?rest_route=\/wp\/v2\/pages\/68\/revisions"}],"predecessor-version":[{"id":371,"href":"http:\/\/lebensmittel-und-hygienesicherheit-veek.de\/index.php?rest_route=\/wp\/v2\/pages\/68\/revisions\/371"}],"wp:attachment":[{"href":"http:\/\/lebensmittel-und-hygienesicherheit-veek.de\/index.php?rest_route=%2Fwp%2Fv2%2Fmedia&parent=68"}],"curies":[{"name":"wp","href":"https:\/\/api.w.org\/{rel}","templated":true}]}}

<p><b>Seit 1998 führe ich Lebensmittelhygiene-Schulungen für das Personal im Lebensmittelbereich durch. Bei folgenden Lebensmittelunternehmen, Verbänden, Innungen oder sonstigen Institutionen war ich teilweise mehrfach tätig:</b></p>
<ul>
<li style="list-style-type: none;">
<ul>
<li>Betreuungsdienst Gaststättenverband, Simmern</li>
<li>Labor im Ökompark, 55774 Baumholder</li>
<li>Klinkner &amp; Partner GmbH, 66115 Saarbrücken</li>
<li>Hotel und Gaststättenverband Rheinland, Koblenz</li>
<li>Bodelschwinghzentrum Kreuznacher Diakonie, 55590 Meisenheim</li>
<li>Schinderhannes-Romantik-Wirte, 55743 Idar-Oberstein</li>
<li>Neurologische Klinik, Wirtschaftsabteilung, 55590 Meisenheim</li>
<li>Ecolab Deutschland GmbH, 40589 Düsseldorf</li>
<li>Kraus Kaufmännische Lösungen, 55606 Kirn</li>
<li>Eishaus GmbH, 66113 Saarbrücken</li>
<li>Sozialkonzept Seniorenheim Lorettahof, 55756 Herrstein</li>
<li>Fachklinik Hochwald der LVA Speyer, 55758 Bruchweiler</li>
<li>Bäckerinnung Landkreis Bad Kreuznach, 55545 Bad Kreuznach</li>
<li>Kreuznacher Diakonie -Werkstätten, 55758 Asbacher Hütte</li>
<li>Caritasverband für die Diözese Trier, Kindertagesstätten  , 56068 Koblenz</li>
<li>Landgasthaus Böß, 55767 Schwollen</li>
<li>Landesverband der Hygieneinspektoren, Heinrich Pesch Haus, 67059 Ludwigshafen</li>
<li>Fa. Ecolab bei Arbeiterwohlfahrt, Küchen, Saarbrücken</li>
<li>DJH – Jugendherberge, 55743 Idar-Oberstein</li>
<li>Arbeit &amp; Leben gGmbH, 55068 Koblenz</li>
<li>Bäckerinnung des Landkreises Birkenfeld, 55743 Idar-Oberstein</li>
<li>Frühauf – Tanken &amp; Rasten GmbH, 55743 Idar-Oberstein/Weierbach</li>
<li>Ev. Kirchenkreise Koblenz, Wied, Altenkirchen, Kindertagesstätten, 56075 Koblenz</li>
<li>Verwaltungsamt des Ev. Kirchenkreises Birkenfeld Kindertagesstätten, 55743 Idar-Oberstein</li>
<li>Cafe-Konditorei „Schwinn“, Christian Wetzel, 66869 Kusel</li>
<li>Norma Lebensmittelbetriebe GmbH &amp; Co KG, 56912 Cochem</li>
<li>Club-Hotel Fun &amp; Joy GmbH, 55758 Hüttgeswasen</li>
<li>Wohnungslosenhilfe der Kreuznacher Diakonie, 55743 Idar-Oberstein/Weierbach</li>
<li>Verbandsgemeindeverwaltung – Kindertagesstätten, 55756 Herrstein</li>
<li>Verbandsgemeindeverwaltung – Kindertagesstätten, 55765 Birkenfeld</li>
<li>Stadtverwaltung, Abt. Kindertagesstätten, 55545 Bad Kreuznach</li>
<li>Kindertagesstätten der Verbandsgemeinde , 55624 Rhaunen</li>
<li>Kindertagesstätte Gemeindezentrum, 55543 Bad Kreuznach</li>
<li>Internationaler Bund, Zweigstelle Kirn, 55606 Kirn</li>
<li>Zelte Jost GbR, Kirchgasse, 55585 Niederhausen</li>
<li>Stadtverwaltung, Abt. Kindertagesstätten, 55743 Idar-Oberstein</li>
<li>Kita gGmbH Koblenz, Kindertagesstätten, 55543 Bad Kreuznach</li>
<li>Integrationsbetriebe Kreuznacher Diakonie, 55606 Kirn</li>
<li>Erlebnisgastronomie Bonnheimer Hof, Lorenz, 55546 Hackenheim</li>
<li>Ev. Kirchengemeinde Birkenfeld, Kindertagesstätten, 55765 Birkenfeld</li>
<li>Klosterhotel Marienhöh, 55758 Langweiler</li>
<li>KiTa gGmbh Koblenz, Birkenfeld und Hunsrück, Kindertagesstätten, 55624 Rhaunen</li>
<li>Ev. Kindertagesstätte Samenkorn, 55624 Rhaunen</li>
<li>Schaustellerverband Bad Kreuznach e.V.,55545 Bad Kreuznach</li>
<li>Verbandsgemeindeverwaltung, Kindertagesstätten, 55774 Baumholder</li>
<li>ARAL-Tankstelle Elke Matheis, 55743 Idar-Oberstein</li>
<li>Bäckerei Risch, Hauptstraße 30, 55758 Allenbach</li>
<li>Schaustellerverband Rheinland e.V., 56566 Neuwied</li>
<li>Heilpädagogische Einrichtungen kd, Kreuznacher Diakonie, 55758 Asbacher Hütte</li>
<li>Mehrgenerationenhaus Idar-Oberstein, Hauptstraße 392, 55743 Idar-Oberstein</li>
<li>Kempfelder Steinofenbäckerei GmbH, 55758 Kempfeld</li>
<li>Stadtverwaltung Wadern – Kindertagesstätten -, 66687 Wadern</li>
<li>DRK – Kreisverband Birkenfeld, Schönlautenbach 17, 55743 Idar-Oberstein</li>
<li>Bäckerei Timo Kurz, Lembergstraße 14, 67824 Feilbingert</li>
<li>Kinder-und Jugendhilfe St. Maria, Trierer Straße 19, 66709 Weiskirchen</li>
<li>Gemeinde Morbach, Kindertagesstätten, Bahnhofstr. 19, 54497 Morbach</li>
<li>Schnellgastronomie dean &amp; david, Fasig, Kreuzstr. 6¸55543 Bad Kreuznach</li>
<li>KiTa gGmbH Koblenz, Kindertagesstätten, Kreis Birkenfeld</li>
<li>Park-Hotel Management GmbH, 55743 Idar-Oberstein</li>
<li>Verbandsgemeindeverwaltung Untermosel, Kindertagesstätten, 56330 Kobern-Gondorf</li>
<li>Roompot Ferienpark Hambachtal, 55765 Oberhambach</li>
<li>Hosser`s Hotel-Restaurant, Weierbacher Straße 70, 55743 Idar-Oberstein</li>
<li>Pflegeheim Haus Göttschied, Dr.Ottmar-Kohler-Str. 14, 55743 Idar-Oberstein</li>
<li>Pflegeheim Haus Nahetal, Friedrich-Ebert-Ring 3, 55743 Idar-Oberstein</li>
<li>
<div>Bäckerei Uwe Nitsch, In der Träb 6, 55758 Stipshausen</div>
</li>
<li>
<div>IB-Internationaler Bund-Mitte gGmbH, Hauptstrasse 304, 55743 Idar-Oberstein</div>
</li>
<li>Service GmbH der Kreishandwerkerschaft Rhein-Nahe-Hünsrück, Rüdesheimer Str.34, 55545 Bad Kreuznach</li>
<li>China-Restaurant Jade, Bismarckstr.11, 55743 Idar-Oberstein</li>
<li>Bäckerei Zwetsch, Inh. Ludwig Brück, Achtstraße 14, 55765 Birkenfeld</li>
<li>DEHOGA Rheinland-Pfalz e.V, Brückes 18, 55545 Bad Kreuznach</li>
<li>Verbandsgemeindeverwaltung 55756 Herrstein – Vereine, Feuerwehren</li>
<li>VEKIO Verband Evangelischer Kindertageseinrichtungen, 55743 Idar-Oberstein</li>
<li>Atrium-Hotel-Mainz, Flugplatzstraße 44, 55126 Mainz</li>
<li>Restaurant „Oldenburger Hof“, Achtstraße 7, 55765 Birkenfeld</li>
<li>Gaststätte „Idarer Brauhaus“, Hauptstraße, 55743 Idar-Oberstein</li>
<li>Kur- und Gesundheitshotel Schiffmann, Veldenzerstraße 49a, 54486 Mülheim-Mosel</li>
<li>Ambulante Pflege &amp; Tagespflege Gebhardt GmbH, Sonnenweg 38a, 55774 Baumholder</li>
<li>Bäckerei Friedrichs GmbH, Burgweg 3, 55606 Kirn-Kallenfels</li>
<li>IB-Internationaler Bund, Trierer Straße 19, 66869 Kusel</li>
<li>Peter Braun Fleisch &amp; Wurst GmbH &amp; Co KG, Erlenhöhe 2, 66871 Konken</li>
<li>Stadtwerke Idar-Oberstein – Hallenbad-Bistro, Hauptstraße 213, 55743 Idar-Oberstein</li>
<li>Betreuungs- und Pflegezentrum Lang GmbH, Adolf-Süßdorf-Str. 1, 66877 Ramstein</li>
<li>Bäckerei Hofmann, Hauptstraße 38, 55767 Schwollen</li>
<li>Fladenbäckerei H.-K. Kismetli, Saarstraße 94, 55768 Hoppstädten-Weiersbach</li>
<li>Fissler GmbH – Kantine , 55768 Hoppstädten-Neubrücke</li>
<li>Verbandsgemeindeverwaltung Rhein-Mosel, KiTa`s, 56330 Kobern-Gondorf</li>
<li>Restaurant „Waldesruh &amp; Hui, Ricky Wu, 55768 HoppstädtenNeubrücke</li>
<li>Metzgerei Marco Schumacher, Hauptstraße, 55765 Birkenfeld</li>
<li>KiTa gGmbH Koblenz, Gesamteinrichtungen Urmitz</li>
<li>Stadtverband sporttreibender Vereine 55743 Idar-Oberstein</li>
<li>Kirchenkreis &#8222;Obere Nahe&#8220;, Vollmersbachstraße 22, 55743 Idar-Oberstein</li>
<li>Lebenshilfe Obere Nahe gGmbH, Weißborr 11-13, 55743 Idar-Oberstein</li>
<li>Restaurant &#8222;Der Pferdestall&#8220;, Hobstätter Hof, 67753 Einöllen</li>
<li>Kita gGmbH Koblenz, Gesamteinrichtung Kirchen, Auf dem Molzberg 2, 57548 Kirchen</li>
<li>Baumholderer-Karnevals-Gesellschaft, Am Kallenborn 10, 55774 Baumholder</li>
<li>Schwollener Senfmanufaktur Switala, Zum Bornflur 3, 55767 Schwollen</li>
<li>Edelsteinklinik, Lindenstraße 48, 55758 Bruchweiler</li>
<li>Birkenfelder Biomarkt, Am Talweiher 11, 55765 Birkenfeld</li>
<li>Jagdschule-Pfälzer-Bergland GbR, Sulzbergstraße 1, 66887 Ulmet</li>
<li>Waldgasthaus Schwarzenbruch, Holger Freiberg, 55758 Hüttgeswasen</li>
<li>Kindergarten „Schiefersteinchen“, Schulstr. 25, 55626 Bundenbach</li>
<li>Ortsgemeinde und Kindergarten, Hauptstraße, 55758 Hottenbach</li>
<li>Herrsteiner Dorfladen, Hauptstraße, 55756 Herrstein</li>
<li>Edeka Lorenz, Mainzer Straße 95, 55743 Idar-Oberstein</li>
</ul>
</li>
</ul>

<p>Seit 1998 führe ich Lebensmittelhygiene-Schulungen für das Personal im Lebensmittelbereich durch. Bei folgenden Lebensmittelunternehmen, Verbänden, Innungen oder sonstigen Institutionen war ich teilweise mehrfach tätig: Betreuungsdienst Gaststättenverband, Simmern Labor im Ökompark, 55774 Baumholder Klinkner &amp; Partner GmbH, 66115 Saarbrücken Hotel und &hellip; <a href="http://lebensmittel-und-hygienesicherheit-veek.de/?page_id=68">Weiterlesen <span class="meta-nav">&rarr;</span></a></p>
