{"id":12,"date":"2013-06-14T21:17:40","date_gmt":"2013-06-14T19:17:40","guid":{"rendered":"http:\/\/s474765814.online.de\/?page_id=12"},"modified":"2013-06-23T13:08:21","modified_gmt":"2013-06-23T11:08:21","slug":"uber-mich","status":"publish","type":"page","link":"http:\/\/lebensmittel-und-hygienesicherheit-veek.de\/?page_id=12","title":{"rendered":"Referent"},"content":{"rendered":"<p><i>Lothar Veek <\/i>\u2013 <i>Referent f\u00fcr Lebensmittelhygiene<\/i><\/p>\n<p><i>\u00a0\u00a0\u00a0\u00a0\u00a0\u00a0\u00a0\u00a0\u00a0\u00a0\u00a0\u00a0\u00a0\u00a0\u00a0\u00a0\u00a0\u00a0\u00a0\u00a0\u00a0\u00a0\u00a0\u00a0\u00a0\u00a0 staatlich gepr\u00fcfter Lebensmittelkontrolleur<\/i><\/p>\n<p><a href=\"http:\/\/s474765814.online.de\/wp-content\/uploads\/2013\/06\/P1020917.jpg\"><img loading=\"lazy\" decoding=\"async\" class=\"wp-image-13 alignright\" alt=\"Lothar Veek\" src=\"http:\/\/s474765814.online.de\/wp-content\/uploads\/2013\/06\/P1020917.jpg\" width=\"255\" height=\"326\" \/><\/a><\/p>\n<p><i>Meine Referentent\u00e4tigkeit begann <b>1998. <\/b>Seitdem f\u00fchre ich Lebensmittelhygiene-Schulungen f\u00fcr das Personal in der Lebensmittelbranche durch. \u00a0\u00a0\u00a0\u00a0\u00a0\u00a0\u00a0\u00a0\u00a0 Lebensmittelunternehmen, Verb\u00e4nde, Innungen, Schulen, Kindertagesst\u00e4tten oder sonstigen Institutionen nehmen dieses Angebot gerne war.<\/i><\/p>\n<p><i>\u00a0Als staatlich, gepr\u00fcfter Lebensmittelkontrolleur mit \u00fcber 30-j\u00e4hriger Berufserfahrung in der amtlichen Lebensmittel\u00fcberwachung verf\u00fcge ich \u00fcber das erforderliche Wissen und jahrzehntelange Praxiserfahrung, um dem Personal in der Lebensmittelbranche die erforderlichen Fachkenntnisse \u00fcber alle Themen im Umgang mit Lebensmitteln und der Lebensmittelhygiene zu vermitteln.<\/i><\/p>\n","protected":false},"excerpt":{"rendered":"<p>Lothar Veek \u2013 Referent f\u00fcr Lebensmittelhygiene \u00a0\u00a0\u00a0\u00a0\u00a0\u00a0\u00a0\u00a0\u00a0\u00a0\u00a0\u00a0\u00a0\u00a0\u00a0\u00a0\u00a0\u00a0\u00a0\u00a0\u00a0\u00a0\u00a0\u00a0\u00a0\u00a0 staatlich gepr\u00fcfter Lebensmittelkontrolleur Meine Referentent\u00e4tigkeit begann 1998. Seitdem f\u00fchre ich Lebensmittelhygiene-Schulungen f\u00fcr das Personal in der Lebensmittelbranche durch. \u00a0\u00a0\u00a0\u00a0\u00a0\u00a0\u00a0\u00a0\u00a0 Lebensmittelunternehmen, Verb\u00e4nde, Innungen, Schulen, Kindertagesst\u00e4tten oder sonstigen Institutionen nehmen dieses Angebot gerne war. \u00a0Als &hellip; <a href=\"http:\/\/lebensmittel-und-hygienesicherheit-veek.de\/?page_id=12\">Weiterlesen <span class=\"meta-nav\">&rarr;<\/span><\/a><\/p>\n","protected":false},"author":1,"featured_media":0,"parent":0,"menu_order":1,"comment_status":"closed","ping_status":"closed","template":"","meta":{"footnotes":""},"class_list":["post-12","page","type-page","status-publish","hentry"],"_links":{"self":[{"href":"http:\/\/lebensmittel-und-hygienesicherheit-veek.de\/index.php?rest_route=\/wp\/v2\/pages\/12","targetHints":{"allow":["GET"]}}],"collection":[{"href":"http:\/\/lebensmittel-und-hygienesicherheit-veek.de\/index.php?rest_route=\/wp\/v2\/pages"}],"about":[{"href":"http:\/\/lebensmittel-und-hygienesicherheit-veek.de\/index.php?rest_route=\/wp\/v2\/types\/page"}],"author":[{"embeddable":true,"href":"http:\/\/lebensmittel-und-hygienesicherheit-veek.de\/index.php?rest_route=\/wp\/v2\/users\/1"}],"replies":[{"embeddable":true,"href":"http:\/\/lebensmittel-und-hygienesicherheit-veek.de\/index.php?rest_route=%2Fwp%2Fv2%2Fcomments&post=12"}],"version-history":[{"count":9,"href":"http:\/\/lebensmittel-und-hygienesicherheit-veek.de\/index.php?rest_route=\/wp\/v2\/pages\/12\/revisions"}],"predecessor-version":[{"id":18,"href":"http:\/\/lebensmittel-und-hygienesicherheit-veek.de\/index.php?rest_route=\/wp\/v2\/pages\/12\/revisions\/18"}],"wp:attachment":[{"href":"http:\/\/lebensmittel-und-hygienesicherheit-veek.de\/index.php?rest_route=%2Fwp%2Fv2%2Fmedia&parent=12"}],"curies":[{"name":"wp","href":"https:\/\/api.w.org\/{rel}","templated":true}]}}

<p><i>Lothar Veek </i>– <i>Referent für Lebensmittelhygiene</i></p>
<p><i>                           staatlich geprüfter Lebensmittelkontrolleur</i></p>
<p><a href="http://s474765814.online.de/wp-content/uploads/2013/06/P1020917.jpg"><img loading="lazy" decoding="async" class="wp-image-13 alignright" alt="Lothar Veek" src="http://s474765814.online.de/wp-content/uploads/2013/06/P1020917.jpg" width="255" height="326" /></a></p>
<p><i>Meine Referententätigkeit begann <b>1998. </b>Seitdem führe ich Lebensmittelhygiene-Schulungen für das Personal in der Lebensmittelbranche durch.           Lebensmittelunternehmen, Verbände, Innungen, Schulen, Kindertagesstätten oder sonstigen Institutionen nehmen dieses Angebot gerne war.</i></p>
<p><i> Als staatlich, geprüfter Lebensmittelkontrolleur mit über 30-jähriger Berufserfahrung in der amtlichen Lebensmittelüberwachung verfüge ich über das erforderliche Wissen und jahrzehntelange Praxiserfahrung, um dem Personal in der Lebensmittelbranche die erforderlichen Fachkenntnisse über alle Themen im Umgang mit Lebensmitteln und der Lebensmittelhygiene zu vermitteln.</i></p>

<p>Lothar Veek – Referent für Lebensmittelhygiene                            staatlich geprüfter Lebensmittelkontrolleur Meine Referententätigkeit begann 1998. Seitdem führe ich Lebensmittelhygiene-Schulungen für das Personal in der Lebensmittelbranche durch.           Lebensmittelunternehmen, Verbände, Innungen, Schulen, Kindertagesstätten oder sonstigen Institutionen nehmen dieses Angebot gerne war.  Als &hellip; <a href="http://lebensmittel-und-hygienesicherheit-veek.de/?page_id=12">Weiterlesen <span class="meta-nav">&rarr;</span></a></p>
