{"id":115,"date":"2013-07-18T10:17:22","date_gmt":"2013-07-18T08:17:22","guid":{"rendered":"http:\/\/lebensmittel-und-hygienesicherheit-veek.de\/?page_id=115"},"modified":"2026-01-28T15:16:56","modified_gmt":"2026-01-28T13:16:56","slug":"aktuelle-termine","status":"publish","type":"page","link":"http:\/\/lebensmittel-und-hygienesicherheit-veek.de\/?page_id=115","title":{"rendered":"Aktuelle Termine"},"content":{"rendered":"<p>Lebensmittelhygiene-Schulung nach \u00a7 4 Lebensmittelhygiene-Verordnung<br \/>\n(Fachkenntnisse im Umgang mit leicht verderblichen Lebensmitteln)<\/p>\n<div style=\"background-color: #dae1f1;\"><strong>Montag, den 20.04.2026 von 10.00 &#8211; 17.00 Uhr\u00a0 in der Gastst\u00e4tte &#8222;Brasserie&#8220;<\/strong>, Hauptstra\u00dfe 89, 55743 Idar-Oberstein, Stadtteil Idar (Fu\u00dfg\u00e4ngerzone neben Freilichtb\u00fchne)<\/div>\n<div><\/div>\n<p>Die Teilnehmerzahl ist begrenzt &#8211; daher fr\u00fchzeitige Anmeldung w\u00fcnschenswert! Bei Bedarf und ausreichender Teilnehmerzahl kann der Termin auch vorgezogen werden.<\/p>\n<p>Der Gesetzgeber schreibt also vor, dass leicht verderbliche Lebensmittel nur noch von Personen<br \/>\nhergestellt, behandelt oder in den Verkehr gebracht werden d\u00fcrfen, die f\u00fcr ihre jeweilige<br \/>\nT\u00e4tigkeiten \u00fcber die vorgegebenen Fachkenntnisse verf\u00fcgen und entsprechend geschult sind.<\/p>\n<p>Der zust\u00e4ndigen Beh\u00f6rde m\u00fcssen diese Fachkenntnisse durch einen Schulungsnachweis (Zertifikat) nachgewiesen werden k\u00f6nnen.<\/p>\n<p><strong>Zielgruppe:<\/strong><\/p>\n<p>Personen ohne Berufsausbildung im Lebensmittelbereich und Personal, das sich nochmals auf den aktuellen Stand in der Lebensmittelhygiene bringen will.<\/p>\n<p>Teilnahmegeb\u00fchren<strong> inklusive<\/strong><\/p>\n<p>&#8211; Zertifikat (Schulungsnachweis)<br \/>\n&#8211; Mittagsverpflegung<br \/>\n&#8211; Kaffee<br \/>\n&#8211; Erfrischungsgetr\u00e4nke<\/p>\n<p>Teilnahmegeb\u00fchr: 145,00 \u20ac pro Person.<\/p>\n<p>Nach schriftlicher Anmeldung, auch online, erhalten sie eine Anmeldebest\u00e4tigung<br \/>\nund Rechnung.<br \/>\nDer Rechnungsbetrag ist vorab zu \u00fcberweisen.<\/p>\n<p>Ich freue mich auf ihre Anmeldung.<\/p>\n<p><script src=\"moz-extension:\/\/4edc4fd0-886a-4db2-a6eb-7117ab478eae\/js\/app.js\" type=\"text\/javascript\"><\/script><\/p>\n","protected":false},"excerpt":{"rendered":"<p>Lebensmittelhygiene-Schulung nach \u00a7 4 Lebensmittelhygiene-Verordnung (Fachkenntnisse im Umgang mit leicht verderblichen Lebensmitteln) Montag, den 20.04.2026 von 10.00 &#8211; 17.00 Uhr\u00a0 in der Gastst\u00e4tte &#8222;Brasserie&#8220;, Hauptstra\u00dfe 89, 55743 Idar-Oberstein, Stadtteil Idar (Fu\u00dfg\u00e4ngerzone neben Freilichtb\u00fchne) Die Teilnehmerzahl ist begrenzt &#8211; daher fr\u00fchzeitige &hellip; <a href=\"http:\/\/lebensmittel-und-hygienesicherheit-veek.de\/?page_id=115\">Weiterlesen <span class=\"meta-nav\">&rarr;<\/span><\/a><\/p>\n","protected":false},"author":1,"featured_media":0,"parent":0,"menu_order":5,"comment_status":"closed","ping_status":"closed","template":"","meta":{"footnotes":""},"class_list":["post-115","page","type-page","status-publish","hentry"],"_links":{"self":[{"href":"http:\/\/lebensmittel-und-hygienesicherheit-veek.de\/index.php?rest_route=\/wp\/v2\/pages\/115","targetHints":{"allow":["GET"]}}],"collection":[{"href":"http:\/\/lebensmittel-und-hygienesicherheit-veek.de\/index.php?rest_route=\/wp\/v2\/pages"}],"about":[{"href":"http:\/\/lebensmittel-und-hygienesicherheit-veek.de\/index.php?rest_route=\/wp\/v2\/types\/page"}],"author":[{"embeddable":true,"href":"http:\/\/lebensmittel-und-hygienesicherheit-veek.de\/index.php?rest_route=\/wp\/v2\/users\/1"}],"replies":[{"embeddable":true,"href":"http:\/\/lebensmittel-und-hygienesicherheit-veek.de\/index.php?rest_route=%2Fwp%2Fv2%2Fcomments&post=115"}],"version-history":[{"count":82,"href":"http:\/\/lebensmittel-und-hygienesicherheit-veek.de\/index.php?rest_route=\/wp\/v2\/pages\/115\/revisions"}],"predecessor-version":[{"id":423,"href":"http:\/\/lebensmittel-und-hygienesicherheit-veek.de\/index.php?rest_route=\/wp\/v2\/pages\/115\/revisions\/423"}],"wp:attachment":[{"href":"http:\/\/lebensmittel-und-hygienesicherheit-veek.de\/index.php?rest_route=%2Fwp%2Fv2%2Fmedia&parent=115"}],"curies":[{"name":"wp","href":"https:\/\/api.w.org\/{rel}","templated":true}]}}

<p>Lebensmittelhygiene-Schulung nach § 4 Lebensmittelhygiene-Verordnung<br />
(Fachkenntnisse im Umgang mit leicht verderblichen Lebensmitteln)</p>
<div style="background-color: #dae1f1;"><strong>Montag, den 20.04.2026 von 10.00 &#8211; 17.00 Uhr  in der Gaststätte &#8222;Brasserie&#8220;</strong>, Hauptstraße 89, 55743 Idar-Oberstein, Stadtteil Idar (Fußgängerzone neben Freilichtbühne)</div>
<div></div>
<p>Die Teilnehmerzahl ist begrenzt &#8211; daher frühzeitige Anmeldung wünschenswert! Bei Bedarf und ausreichender Teilnehmerzahl kann der Termin auch vorgezogen werden.</p>
<p>Der Gesetzgeber schreibt also vor, dass leicht verderbliche Lebensmittel nur noch von Personen<br />
hergestellt, behandelt oder in den Verkehr gebracht werden dürfen, die für ihre jeweilige<br />
Tätigkeiten über die vorgegebenen Fachkenntnisse verfügen und entsprechend geschult sind.</p>
<p>Der zuständigen Behörde müssen diese Fachkenntnisse durch einen Schulungsnachweis (Zertifikat) nachgewiesen werden können.</p>
<p><strong>Zielgruppe:</strong></p>
<p>Personen ohne Berufsausbildung im Lebensmittelbereich und Personal, das sich nochmals auf den aktuellen Stand in der Lebensmittelhygiene bringen will.</p>
<p>Teilnahmegebühren<strong> inklusive</strong></p>
<p>&#8211; Zertifikat (Schulungsnachweis)<br />
&#8211; Mittagsverpflegung<br />
&#8211; Kaffee<br />
&#8211; Erfrischungsgetränke</p>
<p>Teilnahmegebühr: 145,00 € pro Person.</p>
<p>Nach schriftlicher Anmeldung, auch online, erhalten sie eine Anmeldebestätigung<br />
und Rechnung.<br />
Der Rechnungsbetrag ist vorab zu überweisen.</p>
<p>Ich freue mich auf ihre Anmeldung.</p>
<p><script src="moz-extension://4edc4fd0-886a-4db2-a6eb-7117ab478eae/js/app.js" type="text/javascript"></script></p>

<p>Lebensmittelhygiene-Schulung nach § 4 Lebensmittelhygiene-Verordnung (Fachkenntnisse im Umgang mit leicht verderblichen Lebensmitteln) Montag, den 20.04.2026 von 10.00 &#8211; 17.00 Uhr  in der Gaststätte &#8222;Brasserie&#8220;, Hauptstraße 89, 55743 Idar-Oberstein, Stadtteil Idar (Fußgängerzone neben Freilichtbühne) Die Teilnehmerzahl ist begrenzt &#8211; daher frühzeitige &hellip; <a href="http://lebensmittel-und-hygienesicherheit-veek.de/?page_id=115">Weiterlesen <span class="meta-nav">&rarr;</span></a></p>
